or of 1944 and 49086?
486
What is the highest common divisor of 1111 and 17069?
101
Calculate the highest common factor of 2079 and 4697.
77
What is the greatest common factor of 2716 and 728?
28
What is the highest common divisor of 3538 and 16153?
29
What is the greatest common factor of 80 and 331440?
80
Calculate the greatest common divisor of 2172 and 7284.
12
What is the highest common divisor of 172 and 455198?
86
What is the greatest common factor of 1072781 and 471?
157
What is the highest common factor of 26985 and 4242?
21
What is the greatest common factor of 1595 and 11308?
11
What is the highest common factor of 492264 and 1060?
212
Calculate the highest common factor of 1390100 and 40.
20
What is the greatest common factor of 1572 and 516?
12
What is the highest common divisor of 12862 and 118?
118
Calculate the highest common divisor of 4882 and 36.
2
What is the highest common factor of 1004 and 64005?
251
Calculate the greatest common factor of 62197 and 37.
37
Calculate the highest common factor of 33 and 680163.
33
Calculate the greatest common factor of 3438 and 26388.
18
What is the greatest common factor of 48 and 5698032?
48
What is the greatest common factor of 67982 and 76?
38
Calculate the highest common factor of 139200 and 40.
40
What is the highest common divisor of 985 and 97121?
197
What is the greatest common factor of 2078 and 3384023?
1039
Calculate the greatest common factor of 55 and 93995.
55
Calculate the highest common divisor of 40 and 87645.
5
Calculate the greatest common factor of 99411 and 1417.
13
What is the greatest common divisor of 7 and 1278081?
7
Calculate the highest common factor of 33554 and 152.
38
Calculate the greatest common divisor of 1404 and 1728.
108
What is the greatest common factor of 417 and 431456?
139
What is the greatest common divisor of 234 and 14820?
78
What is the highest common factor of 540 and 1080940?
20
What is the greatest common divisor of 46494 and 648?
162
Calculate the highest common divisor of 3040 and 9956.
76
Calculate the greatest common factor of 311010 and 5040.
210
What is the greatest common factor of 180 and 3186780?
60
What is the highest common factor of 1584 and 230032?
176
What is the greatest common divisor of 3944 and 39208?
232
What is the highest common factor of 92 and 471132?
92
What is the highest common factor of 55300 and 14?
14
Calculate the highest common factor of 1740 and 16980.
60
What is the highest common factor of 2769 and 128226?
213
What is the greatest common divisor of 460 and 10948?
92
What is the highest common divisor of 2090 and 13376?
418
What is the greatest common divisor of 404 and 338956?
404
Calculate the highest common factor of 402264 and 1110.
222
What is the highest common factor of 1610 and 4370?
230
What is the greatest common factor of 276544 and 1508?
116
Calculate the greatest common factor of 645 and 288573.
129
Calculate the greatest common divisor of 27 and 61911.
27
Calculate the highest common divisor of 4023435 and 94.
47
What is the greatest common factor of 107597 and 119?
7
Calculate the greatest common factor of 7585 and 45715.
205
Calculate the highest common divisor of 1070 and 2072804.
214
Calculate the highest common divisor of 542789 and 559.
559
Calculate the highest common factor of 574557 and 15.
3
Calculate the greatest common divisor of 12968 and 8.
8
Calculate the greatest common factor of 15564 and 36.
12
What is the highest common factor of 351141 and 966?
483
What is the highest common factor of 13330 and 682?
62
What is the greatest common divisor of 397968 and 120?
24
What is the greatest common divisor of 453 and 51?
3
Calculate the highest common factor of 27 and 479817.
27
What is the greatest common factor of 780 and 14235?
195
Calculate the highest common divisor of 614 and 73373.
307
What is the greatest common divisor of 287 and 1163498?
287
What is the greatest common factor of 60 and 2974044?
12
What is the highest common factor of 154537 and 69?
23
What is the highest common factor of 11753 and 35?
7
What is the greatest common divisor of 90 and 108425?
5
What is the greatest common factor of 167300 and 500?
100
What is the highest common factor of 119 and 13727959?
119
What is the greatest common factor of 36 and 3336?
12
What is the greatest common divisor of 1548 and 1994211?
387
Calculate the greatest common divisor of 305 and 156160.
305
Calculate the greatest common factor of 6960 and 6177.
87
Calculate the highest common factor of 2268 and 7452.
324
What is the highest common factor of 11 and 1516603?
11
Calculate the greatest common divisor of 2921 and 8418.
23
What is the greatest common divisor of 10332 and 236529?
369
Calculate the greatest common factor of 753 and 26.
1
Calculate the greatest common divisor of 183656 and 88.
88
What is the highest common factor of 160804 and 308?
28
Calculate the greatest common divisor of 13468 and 39858.
182
Calculate the greatest common divisor of 53118 and 39.
39
What is the greatest common divisor of 29504 and 48?
16
Calculate the greatest common divisor of 7791 and 441.
147
What is the highest common factor of 568 and 1132?
4
What is the greatest common factor of 1154 and 6664927?
577
What is the greatest common divisor of 1265 and 996245?
115
What is the greatest common factor of 1044 and 25085?
29
What is the highest common divisor of 22102 and 85324?
514
What is the highest common factor of 128 and 1888?
32
Calculate the highest common factor of 2230 and 63109.
223
What is the highest common divisor of 508 and 28?
4
What is the greatest common factor of 27952 and 208?
16
Calculate the highest common factor of 76311 and 1647.
549
Calculate the highest common divisor of 148 and 210641.
37
What is the greatest common factor of 111 and 7587849?
111
Calculate the highest common divisor of 216 and 1114020.
108
Calculate the highest common factor of 29 and 5540160.
29
What is the greatest common factor of 24118 and 248?
62
Calculate the greatest common divisor of 2958 and 867.
51
Calculate the greatest common divisor of 44339 and 2195.
439
What is the highest common divisor of 258 and 368553?
129
What is the highest common factor of 719 and 9953836?
719
What is the greatest common factor of 316908 and 108?
36
What is the highest common divisor of 1441 and 26389?
11
Calculate the highest common factor of 2561 and 1209.
13
Calculate the greatest common divisor of 225041 and 695.
139
What is the greatest common divisor of 624762 and 976?
122
What is the highest common factor of 865 and 8163005?
865
Calculate the greatest common divisor of 42984 and 1576.
8
What is the highest common factor of 39202 and 102?
34
Calculate the highest common divisor of 117853 and 201.
67
Calculate the highest common divisor of 400 and 3288.
8
What is the greatest common divisor of 11712 and 42176?
64
What is the greatest common factor of 11904 and 732?
12
What is the greatest common factor of 9273 and 3?
3
Calculate the highest common factor of 154 and 3322.
22
What is the greatest common divisor of 6360 and 13080?
120
What is the highest common divisor of 542864 and 1184?
592
What is the greatest common factor of 164427 and 46?
23
What is the greatest common divisor of 77388 and 1908?
12
What is the highest common factor of 21 and 37331?
7
Calculate the highest common divisor of 86 and 1572.
2
What is the greatest common divisor of 2305512 and 2460?
492
What is the greatest common divisor of 14224 and 4536?
56
What is the greatest common factor of 688 and 90558?
86
What is the greatest common factor of 1276 and 27588?
44
Calculate the greatest common divisor of 2790 and 94590.
90
Calculate the highest common factor of 406 and 57043.
203
Calculate the greatest common divisor of 154096 and 80.
16
What is the greatest common divisor of 43758 and 132?
66
What is the highest common divisor of 36004 and 16?
4
What is the greatest common factor of 152 and 448?
8
What is the greatest common factor of 106623 and 209?
11
Calculate the greatest common factor of 23714 and 98530.
334
Calculate the greatest common factor of 54 and 54512.
2
Calculate the greatest common factor of 31752 and 3384.
72
What is the highest common factor of 1923483 and 116?
29
Cal